{"id":7457,"date":"2025-05-02T13:32:50","date_gmt":"2025-05-02T16:32:50","guid":{"rendered":"https:\/\/omscosmetica.com.ar\/?page_id=7457"},"modified":"2025-09-12T17:28:19","modified_gmt":"2025-09-12T20:28:19","slug":"info-magnesio","status":"publish","type":"page","link":"https:\/\/omscosmetica.com.ar\/index.php\/magnesio\/info-magnesio\/","title":{"rendered":"+Info Magnesio"},"content":{"rendered":"<p><div class=\"fusion-fullwidth fullwidth-box fusion-builder-row-1 fusion-flex-container has-pattern-background has-mask-background nonhundred-percent-fullwidth non-hundred-percent-height-scrolling\" style=\"background-color: rgba(255,255,255,0);background-position: center center;background-repeat: no-repeat;border-width: 0px 0px 0px 0px;border-color:var(--awb-color3);border-style:solid;\" ><div class=\"fusion-builder-row fusion-row fusion-flex-align-items-flex-start\" style=\"max-width:1310.4px;margin-left: calc(-4% \/ 2 );margin-right: calc(-4% \/ 2 );\"><div class=\"fusion-layout-column fusion_builder_column fusion-builder-column-0 fusion_builder_column_1_1 1_1 fusion-flex-column\"><div class=\"fusion-column-wrapper fusion-flex-justify-content-flex-start fusion-content-layout-column\" style=\"background-position:left top;background-repeat:no-repeat;-webkit-background-size:cover;-moz-background-size:cover;-o-background-size:cover;background-size:cover;padding: 0px 225.99px 0px 236.983px;\"><div class=\"fusion-text fusion-text-1\"><p style=\"text-align: center;\"><span style=\"color: #41aad9;\"><b style=\"font-size: 50px;\" data-fusion-font=\"true\"> Magnesio <\/b><\/span><\/p>\n<p>El magnesio participa m\u00e1s de 300 reacciones bioqu\u00edmicas en el cuerpo humano pero pertenece al grupo de los llamados minerales esenciales ya que nuestro cuerpo lo utiliza para pero no puede producirlo por s\u00ed mismo. <\/p>\n<p>Interviene en procesos que ayudan al funcionamiento del sistema nervioso, muscular, inmune, cardiovascular, \u00f3sea y ayudando a mantener los niveles de glucosa en sangre. Es por esto que el magnesio es vital para una vida saludable. Es esencial proveerselo a tu cuerpo en cantidades diarias.<\/p>\n<\/div><\/div><style type=\"text\/css\">.fusion-body .fusion-builder-column-0{width:100% !important;margin-top : 0px;margin-bottom : 0px;}.fusion-builder-column-0 > .fusion-column-wrapper {padding-top : 0px !important;padding-right : 225.99px !important;margin-right : 1.92%;padding-bottom : 0px !important;padding-left : 236.983px !important;margin-left : 1.92%;}@media only screen and (max-width:1035px) {.fusion-body .fusion-builder-column-0{width:100% !important;order : 0;}.fusion-builder-column-0 > .fusion-column-wrapper {margin-right : 1.92%;margin-left : 1.92%;}}@media only screen and (max-width:640px) {.fusion-body .fusion-builder-column-0{width:100% !important;order : 0;}.fusion-builder-column-0 > .fusion-column-wrapper {padding-right : 50.98400000000001px !important;margin-right : 1.92%;padding-left : 55.9688px !important;margin-left : 1.92%;}}<\/style><\/div><div class=\"fusion-layout-column fusion_builder_column fusion-builder-column-1 fusion_builder_column_1_1 1_1 fusion-flex-column\"><div class=\"fusion-column-wrapper fusion-flex-justify-content-flex-start fusion-content-layout-column\" style=\"background-position:left top;background-repeat:no-repeat;-webkit-background-size:cover;-moz-background-size:cover;-o-background-size:cover;background-size:cover;padding: 0px 225.99px 0px 236.983px;\"><div ><span class=\" fusion-imageframe imageframe-none imageframe-1 hover-type-none\"><img decoding=\"async\" width=\"1890\" height=\"1090\" title=\"magnesiocuadro\" src=\"https:\/\/omscosmetica.com.ar\/wp-content\/uploads\/2025\/09\/magnesiocuadro.png\" alt class=\"img-responsive wp-image-9789\" srcset=\"https:\/\/omscosmetica.com.ar\/wp-content\/uploads\/2025\/09\/magnesiocuadro-200x115.png 200w, https:\/\/omscosmetica.com.ar\/wp-content\/uploads\/2025\/09\/magnesiocuadro-400x231.png 400w, https:\/\/omscosmetica.com.ar\/wp-content\/uploads\/2025\/09\/magnesiocuadro-600x346.png 600w, https:\/\/omscosmetica.com.ar\/wp-content\/uploads\/2025\/09\/magnesiocuadro-800x461.png 800w, https:\/\/omscosmetica.com.ar\/wp-content\/uploads\/2025\/09\/magnesiocuadro-1200x692.png 1200w, https:\/\/omscosmetica.com.ar\/wp-content\/uploads\/2025\/09\/magnesiocuadro.png 1890w\" sizes=\"(max-width: 640px) 100vw, 800px\" \/><\/span><\/div><\/div><style type=\"text\/css\">.fusion-body .fusion-builder-column-1{width:100% !important;margin-top : 0px;margin-bottom : 20px;}.fusion-builder-column-1 > .fusion-column-wrapper {padding-top : 0px !important;padding-right : 225.99px !important;margin-right : 1.92%;padding-bottom : 0px !important;padding-left : 236.983px !important;margin-left : 1.92%;}@media only screen and (max-width:1035px) {.fusion-body .fusion-builder-column-1{width:100% !important;order : 0;}.fusion-builder-column-1 > .fusion-column-wrapper {margin-right : 1.92%;margin-left : 1.92%;}}@media only screen and (max-width:640px) {.fusion-body .fusion-builder-column-1{width:100% !important;order : 0;}.fusion-builder-column-1 > .fusion-column-wrapper {padding-right : 50.98400000000001px !important;margin-right : 1.92%;padding-left : 55.9688px !important;margin-left : 1.92%;}}<\/style><\/div><div class=\"fusion-layout-column fusion_builder_column fusion-builder-column-2 fusion_builder_column_1_1 1_1 fusion-flex-column\"><div class=\"fusion-column-wrapper fusion-flex-justify-content-flex-start fusion-content-layout-column\" style=\"background-position:left top;background-repeat:no-repeat;-webkit-background-size:cover;-moz-background-size:cover;-o-background-size:cover;background-size:cover;padding: 0px 225.99px 0px 236.983px;\"><div class=\"fusion-text fusion-text-2\"><p style=\"text-align: center;\">\n<div style=\"text-align: left;\"><span style=\"background-color: rgba(255, 255, 255, 0); color: rgb(65, 170, 217); font-size: 20px; letter-spacing: 0.24px;\">\u00bfSon todos los magnesios iguales?<\/span><\/div>\n<p><b style=\"color: rgb(65, 170, 217); font-size: 20px; background-color: rgba(255, 255, 255, 0); letter-spacing: 0.24px;\"><\/p>\n<div style=\"text-align: left;\"><b style=\"letter-spacing: 0.24px; background-color: rgba(255, 255, 255, 0);\">Magnesios para tu cuerpo.<\/b><\/div>\n<p><\/b><\/p>\n<p><span style=\"background-color: rgba(255, 255, 255, 0); letter-spacing: 0.24px;\">El magnesio transd\u00e9rmico mejora tu salud:<\/span><\/p>\n<p><span style=\"background-color: rgba(255, 255, 255, 0); letter-spacing: 0.24px;\">\u2022 <\/span>Reafirma la piel, ya que es precursor del col\u00e1geno.<span style=\"background-color: rgba(255, 255, 255, 0); letter-spacing: 0.24px;\"><br \/><\/span><span style=\"background-color: rgba(255, 255, 255, 0); letter-spacing: 0.24px;\">\u2022 <\/span>Brinda elasticidad<span style=\"background-color: rgba(255, 255, 255, 0); letter-spacing: 0.24px;\"><br \/><\/span><span style=\"background-color: rgba(255, 255, 255, 0); letter-spacing: 0.24px;\">\u2022 <\/span>Revitaliza la piel y mejora su luminosidad<span style=\"background-color: rgba(255, 255, 255, 0); letter-spacing: 0.24px;\"><br \/><\/span><span style=\"background-color: rgba(255, 255, 255, 0); letter-spacing: 0.24px;\">\u2022<\/span> Promueve la relajaci\u00f3n<span style=\"background-color: rgba(255, 255, 255, 0); letter-spacing: 0.24px;\"><br \/><\/span><span style=\"background-color: rgba(255, 255, 255, 0); letter-spacing: 0.24px;\">\u2022<\/span><span style=\"background-color: rgba(255, 255, 255, 0); letter-spacing: 0.24px;\">Contrarresta la sensaci\u00f3n de fatiga<\/span><\/p>\n<\/div><\/div><style type=\"text\/css\">.fusion-body .fusion-builder-column-2{width:100% !important;margin-top : 0px;margin-bottom : 0px;}.fusion-builder-column-2 > .fusion-column-wrapper {padding-top : 0px !important;padding-right : 225.99px !important;margin-right : 1.92%;padding-bottom : 0px !important;padding-left : 236.983px !important;margin-left : 1.92%;}@media only screen and (max-width:1035px) {.fusion-body .fusion-builder-column-2{width:100% !important;order : 0;}.fusion-builder-column-2 > .fusion-column-wrapper {margin-right : 1.92%;margin-left : 1.92%;}}@media only screen and (max-width:640px) {.fusion-body .fusion-builder-column-2{width:100% !important;order : 0;}.fusion-builder-column-2 > .fusion-column-wrapper {padding-right : 50.98400000000001px !important;margin-right : 1.92%;padding-left : 55.9688px !important;margin-left : 1.92%;}}<\/style><\/div><\/div><style type=\"text\/css\">.fusion-body .fusion-flex-container.fusion-builder-row-1{ padding-top : 23px;margin-top : 4.98599999999999px;padding-right : 0px;padding-bottom : 0px;margin-bottom : 0px;padding-left : 0px;}@media only screen and (max-width:640px) {.fusion-body .fusion-flex-container.fusion-builder-row-1{ padding-top : 0px;margin-top : 1px;padding-bottom : 0px;}}<\/style><\/div><div class=\"fusion-fullwidth fullwidth-box fusion-builder-row-2 fusion-flex-container has-pattern-background has-mask-background nonhundred-percent-fullwidth non-hundred-percent-height-scrolling\" style=\"background-color: rgba(255,255,255,0);background-position: center center;background-repeat: no-repeat;border-width: 0px 0px 0px 0px;border-color:var(--awb-color3);border-style:solid;\" ><div class=\"fusion-builder-row fusion-row fusion-flex-align-items-flex-start fusion-flex-justify-content-space-evenly\" style=\"max-width:1310.4px;margin-left: calc(-4% \/ 2 );margin-right: calc(-4% \/ 2 );\"><div class=\"fusion-layout-column fusion_builder_column fusion-builder-column-3 fusion_builder_column_1_2 1_2 fusion-flex-column\"><div class=\"fusion-column-wrapper fusion-flex-justify-content-flex-start fusion-content-layout-column\" style=\"background-position:left top;background-repeat:no-repeat;-webkit-background-size:cover;-moz-background-size:cover;-o-background-size:cover;background-size:cover;padding: 0px 19.99000000000001px 88px 225.97570000000002px;\"><div class=\"fusion-text fusion-text-3\"><p><span style=\"color: rgb(65, 170, 217);\"><b data-fusion-font=\"true\" style=\"font-size: 25px;\">Pureza y Eficacia \u00fanicas<\/b><\/span><\/p>\n<p>El Cloruro de Magnesio Zechstein, se extrae de profundos dep\u00f3sitos subterr\u00e1neos pertenecientes al antiguo Mar de Zechstein ubicado en Veendam, Holanda, el cual data de hace m\u00e1s de 250 millones de a\u00f1os. <\/p>\n<p>Al no estar expuesto a los contaminantes modernos, esta antigua fuente de magnesio nos ofrece una pureza incomparable. <\/p>\n<p>Esa alta pureza del Magnesio Zechstein se traduce en numerosos beneficios para la salud ofreci\u00e9ndonos una excelente alternativa para suplementar magnesio a nuestro cuerpo.<\/p><\/p>\n<\/div><\/div><style type=\"text\/css\">.fusion-body .fusion-builder-column-3{width:50% !important;margin-top : 0px;margin-bottom : 0px;}.fusion-builder-column-3 > .fusion-column-wrapper {padding-top : 0px !important;padding-right : 19.99000000000001px !important;margin-right : 0%;padding-bottom : 88px !important;padding-left : 225.97570000000002px !important;margin-left : 6.528%;}@media only screen and (max-width:1035px) {.fusion-body .fusion-builder-column-3{width:50% !important;order : 0;}.fusion-builder-column-3 > .fusion-column-wrapper {margin-right : 0%;margin-left : 6.528%;}}@media only screen and (max-width:640px) {.fusion-body .fusion-builder-column-3{width:100% !important;order : 0;}.fusion-builder-column-3 > .fusion-column-wrapper {padding-right : 58.9844px !important;margin-right : 1.92%;padding-bottom : 0px !important;padding-left : 55.9688px !important;margin-left : 1.92%;}}<\/style><\/div><div class=\"fusion-layout-column fusion_builder_column fusion-builder-column-4 fusion_builder_column_1_2 1_2 fusion-flex-column\"><div class=\"fusion-column-wrapper fusion-flex-justify-content-flex-start fusion-content-layout-column\" style=\"background-position:left top;background-repeat:no-repeat;-webkit-background-size:cover;-moz-background-size:cover;-o-background-size:cover;background-size:cover;padding: 0px 194.948px 0px 0px;\"><div ><span class=\" fusion-imageframe imageframe-none imageframe-2 hover-type-none\" style=\"border-radius:20px;\"><img decoding=\"async\" width=\"1200\" height=\"1800\" title=\"OMSxChili-28\" src=\"https:\/\/omscosmetica.com.ar\/wp-content\/uploads\/2025\/05\/OMSxChili-28.jpg\" alt class=\"img-responsive wp-image-9345\" srcset=\"https:\/\/omscosmetica.com.ar\/wp-content\/uploads\/2025\/05\/OMSxChili-28-200x300.jpg 200w, https:\/\/omscosmetica.com.ar\/wp-content\/uploads\/2025\/05\/OMSxChili-28-400x600.jpg 400w, https:\/\/omscosmetica.com.ar\/wp-content\/uploads\/2025\/05\/OMSxChili-28-600x900.jpg 600w, https:\/\/omscosmetica.com.ar\/wp-content\/uploads\/2025\/05\/OMSxChili-28-800x1200.jpg 800w, https:\/\/omscosmetica.com.ar\/wp-content\/uploads\/2025\/05\/OMSxChili-28.jpg 1200w\" sizes=\"(max-width: 640px) 100vw, 400px\" \/><\/span><\/div><\/div><style type=\"text\/css\">.fusion-body .fusion-builder-column-4{width:50% !important;margin-top : 0px;margin-bottom : 0px;}.fusion-builder-column-4 > .fusion-column-wrapper {padding-top : 0px !important;padding-right : 194.948px !important;margin-right : 17.28%;padding-bottom : 0px !important;padding-left : 0px !important;margin-left : 0%;}@media only screen and (max-width:1035px) {.fusion-body .fusion-builder-column-4{width:50% !important;order : 0;}.fusion-builder-column-4 > .fusion-column-wrapper {margin-right : 17.28%;margin-left : 0%;}}@media only screen and (max-width:640px) {.fusion-body .fusion-builder-column-4{width:100% !important;order : 0;}.fusion-builder-column-4 > .fusion-column-wrapper {padding-right : 178.938px !important;margin-right : 1.92%;padding-left : 160px !important;margin-left : 0%;}}<\/style><\/div><div class=\"fusion-layout-column fusion_builder_column fusion-builder-column-5 fusion_builder_column_1_3 1_3 fusion-flex-column\"><div class=\"fusion-column-wrapper fusion-flex-justify-content-flex-start fusion-content-layout-column\" style=\"background-position:left top;background-repeat:no-repeat;-webkit-background-size:cover;-moz-background-size:cover;-o-background-size:cover;background-size:cover;padding: 0px 0px 0px 0px;\"><div ><span class=\" fusion-imageframe imageframe-none imageframe-3 hover-type-none\" style=\"border-radius:20px;\"><img decoding=\"async\" width=\"192\" height=\"175\" title=\"201\" src=\"https:\/\/omscosmetica.com.ar\/wp-content\/uploads\/2025\/05\/201-1.png\" alt class=\"img-responsive wp-image-9350\"\/><\/span><\/div><\/div><style type=\"text\/css\">.fusion-body .fusion-builder-column-5{width:33.333333333333% !important;margin-top : 32px;margin-bottom : 0px;}.fusion-builder-column-5 > .fusion-column-wrapper {padding-top : 0px !important;padding-right : 0px !important;margin-right : 20.736%;padding-bottom : 0px !important;padding-left : 0px !important;margin-left : 38.592%;}@media only screen and (max-width:1035px) {.fusion-body .fusion-builder-column-5{width:33.333333333333% !important;order : 0;}.fusion-builder-column-5 > .fusion-column-wrapper {margin-right : 20.736%;margin-left : 38.592%;}}@media only screen and (max-width:640px) {.fusion-body .fusion-builder-column-5{width:50% !important;order : 0;}.fusion-builder-column-5 > .fusion-column-wrapper {margin-right : 13.824%;margin-left : 25.728%;}}<\/style><\/div><div class=\"fusion-layout-column fusion_builder_column fusion-builder-column-6 fusion_builder_column_1_3 1_3 fusion-flex-column\"><div class=\"fusion-column-wrapper fusion-flex-justify-content-flex-start fusion-content-layout-column\" style=\"background-position:left top;background-repeat:no-repeat;-webkit-background-size:cover;-moz-background-size:cover;-o-background-size:cover;background-size:cover;padding: 0px 194.938px 0px 0px;\"><div ><span class=\" fusion-imageframe imageframe-none imageframe-4 hover-type-none\" style=\"border-radius:20px;\"><img decoding=\"async\" width=\"170\" height=\"170\" title=\"Artboard 451\" src=\"https:\/\/omscosmetica.com.ar\/wp-content\/uploads\/2025\/05\/Artboard-451-1.png\" alt class=\"img-responsive wp-image-9349\" srcset=\"https:\/\/omscosmetica.com.ar\/wp-content\/uploads\/2025\/05\/Artboard-451-1-66x66.png 66w, https:\/\/omscosmetica.com.ar\/wp-content\/uploads\/2025\/05\/Artboard-451-1-150x150.png 150w, https:\/\/omscosmetica.com.ar\/wp-content\/uploads\/2025\/05\/Artboard-451-1.png 170w\" sizes=\"(max-width: 170px) 100vw, 170px\" \/><\/span><\/div><\/div><style type=\"text\/css\">.fusion-body .fusion-builder-column-6{width:33.333333333333% !important;margin-top : 32px;margin-bottom : 0px;}.fusion-builder-column-6 > .fusion-column-wrapper {padding-top : 0px !important;padding-right : 194.938px !important;margin-right : 19.872%;padding-bottom : 0px !important;padding-left : 0px !important;margin-left : 0%;}@media only screen and (max-width:1035px) {.fusion-body .fusion-builder-column-6{width:33.333333333333% !important;order : 0;}.fusion-builder-column-6 > .fusion-column-wrapper {margin-right : 19.872%;margin-left : 0%;}}@media only screen and (max-width:640px) {.fusion-body .fusion-builder-column-6{width:50% !important;order : 0;}.fusion-builder-column-6 > .fusion-column-wrapper {padding-right : 96.9375px !important;margin-right : 13.248%;padding-bottom : 0px !important;margin-left : 0%;}}<\/style><\/div><\/div><style type=\"text\/css\">.fusion-body .fusion-flex-container.fusion-builder-row-2{ padding-top : 23px;margin-top : 4.98599999999999px;padding-right : 0px;padding-bottom : 0px;margin-bottom : 0px;padding-left : 0px;}@media only screen and (max-width:640px) {.fusion-body .fusion-flex-container.fusion-builder-row-2{ padding-top : 0px;margin-top : 1px;padding-bottom : 0px;}}<\/style><\/div><div class=\"fusion-fullwidth fullwidth-box fusion-builder-row-3 fusion-flex-container has-pattern-background has-mask-background nonhundred-percent-fullwidth non-hundred-percent-height-scrolling\" style=\"background-color: #11a0d8;background-position: center center;background-repeat: no-repeat;border-width: 0px 0px 0px 0px;border-color:var(--awb-color3);border-style:solid;\" ><div class=\"fusion-builder-row fusion-row fusion-flex-align-items-flex-start\" style=\"max-width:1310.4px;margin-left: calc(-4% \/ 2 );margin-right: calc(-4% \/ 2 );\"><\/div><style type=\"text\/css\">.fusion-body .fusion-flex-container.fusion-builder-row-3{ padding-top : 12px;margin-top : 24px;padding-right : 0px;padding-bottom : 0px;margin-bottom : 0px;padding-left : 0px;}@media only screen and (max-width:640px) {.fusion-body .fusion-flex-container.fusion-builder-row-3{ padding-top : 2px;margin-top : 23px;padding-bottom : 0px;}}<\/style><\/div><\/p>\n","protected":false},"excerpt":{"rendered":"","protected":false},"author":2,"featured_media":0,"parent":7146,"menu_order":0,"comment_status":"closed","ping_status":"closed","template":"","meta":{"inline_featured_image":false,"footnotes":""},"folder":[],"_links":{"self":[{"href":"https:\/\/omscosmetica.com.ar\/index.php\/wp-json\/wp\/v2\/pages\/7457"}],"collection":[{"href":"https:\/\/omscosmetica.com.ar\/index.php\/wp-json\/wp\/v2\/pages"}],"about":[{"href":"https:\/\/omscosmetica.com.ar\/index.php\/wp-json\/wp\/v2\/types\/page"}],"author":[{"embeddable":true,"href":"https:\/\/omscosmetica.com.ar\/index.php\/wp-json\/wp\/v2\/users\/2"}],"replies":[{"embeddable":true,"href":"https:\/\/omscosmetica.com.ar\/index.php\/wp-json\/wp\/v2\/comments?post=7457"}],"version-history":[{"count":2,"href":"https:\/\/omscosmetica.com.ar\/index.php\/wp-json\/wp\/v2\/pages\/7457\/revisions"}],"predecessor-version":[{"id":9790,"href":"https:\/\/omscosmetica.com.ar\/index.php\/wp-json\/wp\/v2\/pages\/7457\/revisions\/9790"}],"up":[{"embeddable":true,"href":"https:\/\/omscosmetica.com.ar\/index.php\/wp-json\/wp\/v2\/pages\/7146"}],"wp:attachment":[{"href":"https:\/\/omscosmetica.com.ar\/index.php\/wp-json\/wp\/v2\/media?parent=7457"}],"wp:term":[{"taxonomy":"folder","embeddable":true,"href":"https:\/\/omscosmetica.com.ar\/index.php\/wp-json\/wp\/v2\/folder?post=7457"}],"curies":[{"name":"wp","href":"https:\/\/api.w.org\/{rel}","templated":true}]}}